 is divided by j(w)?
66
Let v be 5 + -5 + (-7)/((-7)/4). Suppose 0 = v*y - 20 + 8. Suppose -5*u - 2 = -4*h - 65, 47 = 5*u + 4*h. Calculate the remainder when u is divided by y.
2
Let s = 60 + -54. Let x be 1/(5 - s) + -33 + -1. Let a = x + 128. What is the remainder when a is divided by 32?
29
Let i(m) = m**3 - 5*m**2 + 2*m - 1. Suppose -298 + 46 = -18*r. Calculate the remainder when r is divided by i(5).
5
Suppose -2*t = 4*i - t - 40, -i = 2*t - 10. Calculate the remainder when -1 + 36/30 - (-628)/i is divided by 33.
30
Let v = 10763 + -10694. Calculate the remainder when v is divided by 31.
7
What is the remainder when (-1 - -1)/(-2) - 18/((-882)/14945) is divided by 11?
8
Let l(s) = s**2 + 23*s - 1. Calculate the remainder when 565 is divided by l(1).
13
Suppose 10*n - 2*n - 2040 = 0. Suppose 0 = -2*x + n + 19. Calculate the remainder when x is divided by 38.
23
Let d = 9945 + -9832. What is the remainder when 634 is divided by d?
69
Suppose -4*j = p - 353, -4*p + 818 + 594 = -2*j. Calculate the remainder when p is divided by 111.
20
Let b(p) = -577*p + 5238. Calculate the remainder when 891 is divided by b(9).
36
Suppose 3*s - o = 2*o + 126, 3*o - 147 = -4*s. Let m = 783 + -722. What is the remainder when m is divided by s?
22
Let l = -1493 + 1503. Calculate the remainder when 65 is divided by l.
5
Suppose -20*k = -2*k + 108*k - 72324. Calculate the remainder when k is divided by 224.
126
Suppose -863 = 78*w - 3827. What is the remainder when 1745 is divided by w?
35
Suppose 203 = 3*l + 68. Calculate the remainder when (l/6 - 2) + (-63)/(-42) is divided by 3.
1
Suppose -4*a = 3*n - 46, 22 = -4*a + n + 60. Calculate the remainder when 81 is divided by ((-45)/(-18))/(a/48*2).
3
Let h(y) = -9*y**3 + 78*y**2 + 32*y - 12. What is the remainder when 1219 is divided by h(9)?
31
Let v(d) = 701*d + 403. What is the remainder when v(7) is divided by 69?
66
Let c(y) = 109*y**2 + 966*y - 85. Suppose 5*r = -2*m + 60, -4*r + 25 = -0*r - 3*m. Calculate the remainder when c(-9) is divided by r.
0
Suppose 0 = 24*o - 20*o + 44. Let f(u) = -u**2 - 10*u - 1. Let b be f(o). Let w = 15 + b. Calculate the remainder when w is divided by 2.
1
Let u = -429 + 440. Suppose -36 = -0*s + 4*s. Let h = s - -28. Calculate the remainder when h is divided by u.
8
Suppose -t + 2051 = 2*b, 3*b - 6150 = -43*t + 40*t. Calculate the remainder when t is divided by 9.
6
Let m(v) = -v**3 + 37*v**2 - 31*v + 121. Let k be m(36). Suppose -67*x + k = -24*x. Calculate the remainder when 305 is divided by x.
4
Let c(p) = -p**2 - 8*p. Let g be c(-8). Suppose 4*j - 58 - 2 = g. Calculate the remainder when j is divided by (-2)/(-32) + (-2291)/(-464).
0
Let m = 61617 - 61605. Let a = 0 - -3. Calculate the remainder when m is divided by a.
0
Calculate the remainder when 157 is divided by ((-4)/10 - 92352/(-1280)) + 3/12.
13
What is the remainder when (5190/(-4))/(-5)*(-10)/(-15) is divided by 2/4*(-6 + 108)?
20
Suppose 2*f + 13 = 2*j - 7, 4*j + 5*f - 58 = 0. What is the remainder when 1019 is divided by j?
11
What is the remainder when 10973 is divided by (-3)/14 - (-4 + 175713/(-518))?
340
Calculate the remainder when 7065643/1263 - (-2)/3 is divided by 20.
15
Let v = 11270 - 10859. What is the remainder when v is divided by 123?
42
Suppose -55 = -2*g - 5*x, 4*g - x - 90 = -13. Let d = 198 + -192. Calculate the remainder when g is divided by (-12*(-2)/20)/(d/40).
4
Let m be 2/(-7) - 54/(-189). Suppose m = 2*z - 43 + 3. Let k = -24 + 79. What is the remainder when k is divided by z?
15
Let f(d) = d**2 + 4*d - 7. Let r = -60 + 63. What is the remainder when f(r) is divided by 9?
5
Suppose 0 = -7*x + 4*x - 30. Let s = 28 - x. Suppose -64 = -25*u + 186. What is the remainder when s is divided by u?
8
Let g = -57 - -51. Calculate the remainder when 148 is divided by -3 - 2 - g - -37.
34
Let r = -143 - -342. Let f = 311 - r. Suppose -15*b - f = -16*b. Calculate the remainder when b is divided by 19.
17
Let o(d) = -2*d. Let h be o(-5). Let a(n) = 70*n + 459. What is the remainder when a(-6) is divided by 6/(-30) - (-202)/h?
19
Let y be ((-27)/(-2) + 2)*4. Suppose 70 = 6*l - y. Calculate the remainder when 32 is divided by l.
10
What is the remainder when 1145 is divided by (0 - -7)/(364/2132)?
38
Let p(a) = -4*a**2 + 13*a + 4. Let y be p(4). Let v(x) = x**3 + 10*x**2 + 14*x - 8. What is the remainder when 28 is divided by v(y)?
4
Let m be (-54)/24*2*30/5. Suppose 6*z - 220 = 2*z. Let s = z + m. Calculate the remainder when 80 is divided by s.
24
Suppose 586*o = 213*o + 11936. What is the remainder when 5*1*(0 + 22) is divided by o?
14
Let u be ((-7)/21)/(2/(-72)). What is the remainder when 119 is divided by (-6 + 4)/(u/(-150))?
19
Let z be (-2)/8 + (-231)/(-12). Let j = 250 - z. Suppose -j + 71 = -4*o. What is the remainder when o is divided by 11?
7
Suppose -5*y - 4*s = 22, y - 3*s = 5*y + 17. Calculate the remainder when 68 is divided by y/((-40)/(-130))*-2.
3
Suppose 4*r - 11 = -3*j, -4*j + 2*r + 2*r + 52 = 0. Suppose 52*d - j = 55*d. Calculate the remainder when -1 - -9 - (11 - 2)/d is divided by 4.
3
Calculate the remainder when 1170 is divided by 5/(-2) + 43811/454.
42
Let r(c) = -144*c**2 - 350*c + 6. Let g(m) = m**3 - 2*m**2 - 2*m + 2. Let u be g(-3). Let i = u + 80. What is the remainder when r(-1) is divided by i?
40
Suppose h + h - 102 = 0. Let q = 106 - 79. Let t = h - q. What is the remainder when t is divided by 5?
4
Let m = 5940 - 5850. Calculate the remainder when 480 is divided by m.
30
Suppose -4*q - 1054 = 2*d, 33 - 23 = -5*q. Let y = d + 539. Suppose -3*t = -n - 0*t + 11, -4*t = 8. What is the remainder when y is divided by n?
1
Let t(v) = 2*v**3 - 28*v**2 + 54*v - 27. Let c be t(17). Suppose 46*q - 1653 = c. What is the remainder when q is divided by ((-4)/(-10))/((-1)/(-60))?
21
Suppose -1 = l + 4, 0 = 4*z - l - 833. Let v(y) = -2*y**2 + 42*y + 8. What is the remainder when z is divided by v(21)?
7
Let w(p) = 2*p**2 - 8*p - 2. Let r = -44 + 47. Let s(t) = -1. Let k(o) = r*s(o) + w(o). Calculate the remainder when k(7) is divided by 8.
5
Let o(v) = -2*v**2 - 9*v + 1. Suppose -u = f + 2 - 3, 0 = -f + 5. Suppose 4*b - 70 = -b. What is the remainder when b is divided by o(u)?
4
Suppose 34 = -9*f + 25. What is the remainder when 227 is divided by (5 + f)*1/((-4)/(-10))?
7
Suppose 26*t - 167 = -5*l + 30*t, 4*l + 2*t = 144. Let f be 357 - 0/(7 + -3). Let h = f + -184. Calculate the remainder when h is divided by l.
33
Suppose 4*b = 12 - 4. Suppose 3*o - 2*o = 4*r - 203, r - 42 = b*o. What is the remainder when (-1)/((-3)/(-12)) + r is divided by 17?
14
Let x = -292 + 290. Calculate the remainder when ((-3)/18)/(x/18)*90 is divided by 12.
3
Let t(c) = 8*c**2 - 13*c - 35. Calculate the remainder when 112 is divided by t(-2).
20
Let d be 5 - (6 + (-9 - -3)). Suppose -4*a - f + 15 = 0, d*a = 9*a - 5*f - 21. Calculate the remainder when 25 is divided by a.
1
Suppose 64*o = 69*o + 165. Let m = 45 - o. What is the remainder when m is divided by 43?
35
Suppose 4*g = -3*w + 715 + 400, 4*w + 1355 = 5*g. Let y = 294 - g. What is the remainder when 44 is divided by y?
6
Suppose -2*u + 130 = -3*s - 3*u, -2*s + 5*u = 98. Let x(l) = -3*l + 93. Let z be x(52). Let t = s - z. What is the remainder when 32 is divided by t?
13
Calculate the remainder when (2630 - 2) + (15 - 13) is divided by 17.
12
Suppose v + 33 = 12*v. Suppose -5*u + 225 + 290 = 3*k, -2*u + 206 = -v*k. What is the remainder when u is divided by 46?
11
Let p(j) = j**3 + 6*j**2 - 13*j - 10. Let i = 5026 - 5020. Calculate the remainder when p(-7) is divided by i.
2
Let t be (-1960)/(-72) + -13 - 2/9. Suppose 4*f - 3*f = 81. Suppose -t*c + f = -11*c. What is the remainder when 53 is divided by c?
26
Let j = -703 - -908. What is the remainder when 1228 is divided by j?
203
Let t be (-96)/(-30) - 3/15. Suppose t*h - 4*f = 34, 34*h = 37*h + f - 14. Let u = 28 + -17. Calculate the remainder when u is divided by h.
5
Suppose -136 + 51 = -5*s. Let z = 8 - -347. What is the remainder when z is divided by s?
15
Let i(l) = -l**2 - 28*l + 14. Suppose 5*h = -3*t - 93, -3*t = -5*t - 5*h - 67. Suppose 0 = u - 0*u - 126. Calculate the remainder when u is divided by i(t).
60
Let s = 0 - -23. Suppose -s*q + 27*q = -72. Calculate the remainder when